 + -62. Suppose -b - 45 + a = 0. Calculate the greatest common divisor of 24 and b.
6
Suppose 2*y + 5046 - 22120 = -g, 4*g + 42724 = 5*y. Calculate the highest common divisor of y and 560.
140
Let m(n) = 3*n**3 + 8*n**2 - 27*n + 22. Let s be m(4). Calculate the highest common divisor of s and 22.
2
Let s(r) = -144*r - 513. Let b be s(-28). What is the highest common divisor of b and 3?
3
Let v(h) = 2*h**2 + 30*h + 40. Let t be v(-18). Suppose -4 = -a, f = -3*f - 5*a + t. What is the greatest common factor of 80 and f?
16
Let f(v) = -12*v + 2. Let q be f(-2). Suppose 26*b - 1176 + 1072 = 0. Suppose -122 = -b*x + q. Calculate the greatest common divisor of x and 259.
37
Let w(h) = 20*h - 342. Let z be w(23). Let u = 132 - z. Calculate the greatest common factor of 742 and u.
14
Suppose 6760 - 11482 = -168*p + 8382. What is the greatest common factor of p and 5538?
78
Let w = 438 - 448. Let u(y) = -29*y + 13. Let p be u(w). What is the greatest common factor of 3 and p?
3
Let w = 265 - 225. Suppose -80 = -1768*r + 1767*r. Calculate the greatest common factor of r and w.
40
Let p(g) = 327*g - 3612. Let b be p(12). What is the highest common factor of b and 897?
39
Let c = 402 - 351. Let m = -23 + 29. Suppose 2*l - m*l - 5*r + 27 = 0, l + 4*r = 15. What is the highest common factor of l and c?
3
Let b be (4/(-4) - -2)*(6 + 2). Let v(i) = -i**3 + 11*i**2 - 21*i - 11. Let d be v(b). Calculate the greatest common factor of d and 13.
13
Let t = -23937 + 24495. What is the highest common factor of 1638 and t?
18
Let d(p) = -534*p - 7. Let n be d(-9). Suppose -493 = -3*i + n. Suppose 2*c + i = 16*c. What is the highest common divisor of 18 and c?
18
Let z be 1/3 - (-3 + 978/18). Let n = z - -87. Suppose -3*a = a - n. Calculate the highest common divisor of a and 9.
9
Suppose -560*a - 15840 = -565*a. What is the greatest common divisor of 198 and a?
198
Let m be 6/4*(-20)/(-3). Suppose 0 = -47*d + 48*d - 900. Suppose 5*r = 35*r - d. What is the highest common divisor of m and r?
10
Suppose 0 = 5*v - 3*j - 3286 + 328, v = -5*j + 558. Calculate the highest common factor of 756 and v.
84
Let w = 5773 - 5336. What is the greatest common divisor of w and 133?
19
Let j(g) = -2874*g + 4000. Let n be j(-8). Calculate the highest common divisor of n and 112.
112
Suppose -k = -20 - 45. Suppose -174*b - 13 = 165*b - 340*b. What is the greatest common divisor of b and k?
13
Let p(w) = -w**2 - 15*w + 704. Suppose v + 15 = -5*i, 0*v - 3*v + 3*i = -9. Let y be p(v). What is the greatest common factor of 44 and y?
44
Suppose -16*a + 9*a + 57430 = -4*c, c + 24615 = 3*a. Calculate the highest common divisor of 22 and a.
22
Let d be 0 - (-4)/(-14) - 12780/497. Let i = d - -63. Let u = 192 - i. Calculate the greatest common divisor of u and 62.
31
Suppose -3*l = -3*y - 57, 3*l - 383*y + 385*y = 32. Calculate the highest common factor of l and 50.
2
Let u = 8393 + -8215. Let x(h) = 15*h - 16. Let m be x(7). Calculate the highest common divisor of m and u.
89
Suppose -4*y + 44 = -i + 28, -2*i = 0. Suppose -o + 28 = -4. What is the highest common factor of y and o?
4
Let p be (-10 - -4) + (-1980)/(-10). Suppose p = 115*b - 111*b. What is the greatest common divisor of 132 and b?
12
Let f be (4 - 8)*13/(-2). Let t = -4101 - -4107. Calculate the highest common factor of f and t.
2
Suppose 5*s - 3*d - 362 = 0, -4*s + 5*d - 90 + 377 = 0. Let i = s + 32. Suppose 4*q - 7*q = -i. What is the highest common factor of q and 5?
5
Suppose 32*c - 22*c + 30 = 0. Let g(h) = 6*h**2 - 9*h - 7. Let n be g(c). Calculate the highest common divisor of 2 and n.
2
Let r = 94 - 50. Let y be 3 - (-2)/1*5/2. Suppose -s - 4*g = -y - 80, 5*s = -4*g + 440. Calculate the greatest common divisor of r and s.
44
Suppose 2*s - 3 = -15. Let c(d) = d**3 + 4*d**2 - 6*d + 1. Let x be c(s). Let a = x - -43. Calculate the greatest common divisor of a and 8.
8
Let u(r) = -r**3 - 7*r**2 - 8*r - 8. Let v be u(-10). Let z = v - 132. What is the highest common factor of z and 64?
16
Let v(n) = -5*n**2 + 68*n + 114. Let l be v(12). Calculate the greatest common factor of 2415 and l.
105
Suppose -15*p + 25 = -95. Suppose -4*r = p, f = -4*f - 5*r + 20. Let w = 10 - 4. Calculate the greatest common factor of w and f.
6
Let f be 11 - (-4 + 19)/3. Let v = 198 - f. Suppose -3*x + 52 = -20. What is the greatest common divisor of x and v?
24
Suppose -135 = 7*z + 397. Let y = z - -78. Calculate the highest common factor of y and 4.
2
Suppose 4*w = -4*w + 96. Suppose k = -w*k + 468. Calculate the greatest common divisor of k and 60.
12
Let n = 21 + -11. Suppose 48 = 10*v + 2*v. Suppose -v*w + 5*k - 80 = -8*w, 0 = -3*w + 2*k + 60. What is the highest common factor of w and n?
10
Let u = -26 - -30. Suppose 2*q + u*b - 316 = 88, -5*q + 985 = 5*b. Calculate the highest common divisor of 12 and q.
12
Let c(d) = d**2 + d - 6. Let w be c(-6). Let j(y) = -y**2 + 199*y - 5398. Let p be j(33). Calculate the highest common factor of w and p.
8
Let o be -18*(4/16)/((9 + -4)/(-50)). What is the greatest common factor of o and 219?
3
Let g(n) = -96*n + 166. Let q be g(1). Calculate the greatest common factor of q and 476.
14
Suppose -2*q = -76 - 40. Suppose -3*x + 25 = 37, 33 = w - x. Calculate the greatest common divisor of q and w.
29
Suppose -1138*x + 1107*x = -12276. Calculate the highest common divisor of 2628 and x.
36
Let q(r) = -2611*r - 753. Let v be q(-3). Calculate the greatest common factor of 48 and v.
24
Let o = 866 + -210. Let f be (315/135)/((-7)/(-123)). What is the greatest common factor of f and o?
41
Let t(s) = 16*s - 7. Let u be t(2). Suppose -5*v + 95 = h, -3*v = -2*v - h - u. What is the greatest common factor of 180 and v?
20
Let w(b) = -778*b + 4862. Let l be w(2). Calculate the greatest common factor of l and 29.
29
Suppose -14*l + 15*l + 26 = t, -3*t = 2*l - 78. Let f(k) = -2*k + 351. Let p be f(-13). Calculate the highest common divisor of t and p.
13
Suppose -60 = -0*p - 12*p. Let n be (-2 + 4)*4 - p. Suppose -11*b + 126 = n*b. Calculate the highest common divisor of b and 117.
9
Let y(i) = -37*i - 37. Let j be y(-10). Let g be (2/(-3)*-3)/(6/j). Let h = -101 + g. What is the greatest common divisor of 15 and h?
5
Suppose 945 = -12*r + 21*r. Calculate the highest common factor of 55 and r.
5
Let f be 8/12 + 3854/6. Suppose -5*t + 2288 - f = 0. Suppose -3*v - 1045 = -1186. Calculate the greatest common factor of t and v.
47
Let y be 48/(-9) - -4 - (-1425)/(-45). Let m = y + 87. Suppose -3*w - 2*j = 104 - 515, -120 = -w + 5*j. What is the greatest common factor of w and m?
27
Let w = 356 + 750. Suppose 4*b = -3*o + w, -19*o = -16*o - 3*b - 1134. Calculate the highest common factor of o and 34.
34
Suppose l = 326*c - 328*c + 3838, 3*c = -21. What is the greatest common factor of l and 108?
36
Suppose -73*c + 1238 = -4967. What is the highest common divisor of 6885 and c?
85
Suppose -23*n - 38*n + 16*n = -121410. What is the highest common factor of 142 and n?
142
Let i be (-2 + (-33)/(-12))*24/9 + 2. What is the highest common factor of i and 17?
1
Suppose 0 = -2*y - 49*y - 15*y + 64614. Calculate the highest common factor of y and 88.
11
Let l(h) = 208*h - 7426. Let c be l(36). Calculate the greatest common factor of 8339 and c.
31
Suppose -5*z - 4*u = -327, 16*u - 11*u = -z + 78. Let l(w) = -12*w - 57. Let r be l(-17). Calculate the greatest common factor of r and z.
21
Let t be (-12)/(1 - (-11)/22) + 112. What is the greatest common factor of 8060 and t?
52
Let h be -18*((-2)/3)/1. Let g(d) = 16*d - 61. Let z be g(4). Suppose -4*u - 268 = -4*l - 0*u, 2*l = z*u + 129. Calculate the highest common divisor of h and l.
12
Suppose -10*o - 9 = 521. Let l = o - -57. What is the greatest common factor of l and 52?
4
Suppose -22*q = -50*q + 6300. Calculate the highest common factor of 4800 and q.
75
Suppose -f - j = -485, -4*j + 45 = f - 419. What is the greatest common divisor of f and 287?
41
Let c be (-131)/(-393)*(-2 + 21982 + 1). Calculate the highest common factor of 17 and c.
17
Let u(f) = -9*f - 19. Let c(o) = -2*o**2 + o. Let y be c(-1). Let k be u(y). Let a be k + 2/8 + 6/(-24). Calculate the highest common factor of a and 64.
8
Suppose -3*h + 106 = -w, -327 + 113 = -5*h - 17*w. Calculate the highest common fac